 is the value of 20 + -23 - (0 + -8)?
5
What is the value of -2 - (-5 + 1 + 3)?
-1
What is the value of -3 + 5 + -2 + 2?
2
Calculate (7 - (-1 - -1)) + (-13 - -10).
4
Evaluate -2 - (-2 + 3 + -5).
2
Evaluate -2 + -4 + 4 + 5 + -5.
-2
Calculate 2 - 2 - (-6 - (-1 - 9)).
-4
Evaluate 8 + (-1 - ((9 - 6) + 1)).
3
Calculate 4 - (-3 + 1 + -2 + 3).
5
Evaluate 4 - (4 + 0 - 0).
0
10 + -4 + (6 - (0 - -14))
-2
-3 - ((-2 - -3) + -5 + 0)
1
Evaluate 8 - (-3 + 8 - -5).
-2
Evaluate (-1 - -3) + 0 + -7 + 5.
0
0 + 2 - (-11 + 11)
2
(4 + -5 - 2) + 7
4
Calculate -4 - (-1 + 0 + -2 + 4).
-5
Calculate -7 + -12 + 15 - (0 + 0).
-4
Calculate -6 + -1 + 5 - -3 - -3.
4
-12 + (6 - (-5 + -1))
0
Evaluate -3 - (-5 + (4 - 3) + 0).
1
What is (-2 - -9) + (5 - 18)?
-6
(23 - 23) + -4 + 2
-2
-3 - (5 - 5 - 10 - -4)
3
Calculate (-4 - 1) + 3 + 7 - 3.
2
Calculate -32 + 33 + (3 - 1).
3
What is the value of -7 + -4 + (1 - -3 - -4)?
-3
Evaluate -4 - 2 - -2 - (6 + -6).
-4
Calculate (0 - -7 - 0) + -7.
0
What is the value of -1 - (-2 + 2 - 4)?
3
What is (0 - -9 - (16 + -11)) + 0?
4
Calculate (-4 - 3) + (8 - 1).
0
Evaluate 0 + -3 + (-1 - (-4 + -2)).
2
Evaluate -2 + (-2 - (-3 - (2 - 1))).
0
Evaluate (27 - 29) + 1 + 1.
0
What is the value of 1 + 0 + (6 - 14) + 7?
0
What is the value of -26 + 27 + 2 + -9?
-6
What is -4 + 7 + (-4 - 0) + 2?
1
Calculate -3 - (0 - (-1 - (0 + -7))).
3
Evaluate 1 + (4 + 5 - 5).
5
What is 5 + (-1 - -5) + (-1 - 4)?
4
What is 11 + -12 + (4 - (-4 + 8))?
-1
What is (-10 - 2 - -9) + 6?
3
-2 + (-2 - (3 - 0 - 8))
1
Evaluate (0 - 8 - -9) + -7.
-6
What is -1 + (4 - 6 - (1 + -1))?
-3
What is the value of -51 - -53 - (0 - (-1 + 2))?
3
What is the value of -3 - (-6 - (0 - 1))?
2
Evaluate 2 - 1 - (6 + -1 + 2).
-6
-3 + 2 - (4 + -13 - -7)
1
Calculate (0 - -5) + 5 + (-6 - 2).
2
Calculate -1 + 1 + (57 - 55).
2
Evaluate 1 - 12 - (16 + -13 + -8).
-6
Evaluate (-3 - 1) + 12 + -12.
-4
What is 0 + 1 + 17 + -19?
-1
What is 0 + (-2 - ((0 - 1) + 1))?
-2
Evaluate -6 - (7 + -9 + -4).
0
(-3 - 1) + -1 - (-113 + 110)
-2
What is the value of (1 - (2 + -4)) + -8?
-5
Calculate (-2 - -2) + -6 + 0 - 1.
-7
What is -6 + (-2 - -5 - -1) - -4?
2
Evaluate 0 + (-3 - 2 - (30 + -34)).
-1
6 + 0 + 1 + -3 + -1
3
Calculate 2 + (-13 - 6) + 9.
-8
20 + -19 + (-2 - 2)
-3
What is the value of (-2 - 0 - 5) + (9 - 7)?
-5
What is the value of -3 + (1 - ((5 - 0) + -4))?
-3
What is (-3 + 0 - -5) + (5 - 9)?
-2
What is the value of 6 - (5 + -9 + 6 + 3)?
1
-2 - (-7 + -7 + 18)
-6
0 - (0 + (1 - 6))
5
Calculate -1 - (-6 - -2 - -7).
-4
-5 + (-2 - -13 - 2)
4
Evaluate -15 + 8 + 14 + -2 + 0.
5
What is the value of 3 + -6 + -2 - -2?
-3
What is the value of (3 - (4 - 4) - -3) + -2?
4
(-26 - -20) + (-3 - (-7 + 1))
-3
Calculate 7 - (-7 - (-5 + -6)).
3
What is 5 + -8 + -1 + 2?
-2
-1 + 0 + 6 - (55 + -53)
3
What is -2 + 6 - (10 + -4 + -3)?
1
What is -2 + 7 + 2 + -4?
3
What is the value of -9 - (6 + -6 + -2)?
-7
Calculate (7 - 1) + -18 + 18 + -2.
4
What is 6 + -6 - (3 - 2)?
-1
(12 - (5 - -1)) + 0 + -1
5
What is the value of -5 + 8 + -5 - -5?
3
What is the value of 1 - (15 - 12 - 4)?
2
Evaluate (-1 - 2) + (-11 - (11 + -22)).
-3
What is -15 + (7 - (9 - 14))?
-3
-3 + 7 - (-7 - (-8 - -3))
6
What is -11 - -13 - (2 - (-3 + 0))?
-3
What is 0 + 9 - (-12 + 16)?
5
Evaluate 0 + (7 - (10 + -7)).
4
(5 - -5) + -6 - (-4 - -2)
6
Evaluate (22 - 14) + -4 + -7.
-3
Evaluate (0 + 0 - 3) + 2.
-1
Calculate 8 + (-11 - (2 + -7)).
2
(-19 - -7 - (1 - 7)) + -1
-7
What is -2 + (23 - 24) + (0 - -7)?
4
What is -7 + 2 - -4 - (-3 + -1)?
3
Evaluate -1 - -3 - 7 - -10 - 6.
-1
What is -7 + (-2 - 2 - (9 - 22))?
2
What is the value of 0 + (0 - (6 - 4)) - 1?
-3
Evaluate -22 + 22 - (-1 + 0).
1
Calculate 8 - 20 - -9 - -7.
4
What is (-8 - -5) + -1 - 2?
-6
Evaluate 1 - -9 - 7 - 3.
0
Evaluate (3 - 1) + (6 - 7).
1
3 + (-2 - (1 + -1)) + 2
3
What is 0 - ((5 - 5 - -12) + -4)?
-8
-2 + (-1 + 5 - -3)
5
Evaluate (3 + -6 - 0 - -2) + -2.
-3
What is the value of -1 - 2 - (20 + -20)?
-3
What is 19 + -19 + -1 + 1?
0
Calculate (-8 - 0) + 6 + -3.
-5
Evaluate -13 + (4 - -6) + 3.
0
What is the value of (3 - 2 - (-1 - -1)) + 0?
1
-1 - -3 - (-4 + (4 - -2))
0
What is 1 - (8 + -4 - 10)?
7
What is (6 - 14) + 4 + -1 + -1?
-6
What is the value of -3 - (-6 - -5 - 4 - 2)?
4
Calculate -3 - (36 - 29 - (0 + 8)).
-2
Evaluate 0 - (7 - (3 + (0 - -1))).
-3
What is (-1 + -4 + 4 - -4) + -3?
0
Calculate -4 - (9 + (-4 - 4)).
-5
What is 2 + -9 + 3 + 0 + 8?
4
What is the value of (-4 - (3 + -3)) + (2 - -5)?
3
1 + 1 + (-1 - -1)
2
What is -2 - -2 - 6 - -2?
-4
Evaluate -1 + (-5 - -4) - (-3 + -3).
4
3 + 3 + -27 + 4 + 10
-7
What is 4 + -4 + (-2 - 1) + -2?
-5
Calculate -1 + 4 - (-8 - -12).
-1
What is 2 + (4 - 1 - 0 - 0)?
5
1 - -2 - (12 + -16 + 2)
5
Evaluate -39 - -42 - (8 + -1) - -4.
0
Calculate 4 - (-6 + 2 - -10).
-2
Calculate -8 + 2 + -1 + 5.
-2
Evaluate 6 + (1 - (-1 + 12) - -4).
0
11 + -12 + -2 + 4
1
0 + 5 + (21 - 18) + 2
10
(-13 - -14) + (5 - 1)
5
Calculate 8 + (2 + -15 - 3).
-8
Calculate 0 + (-3 - 1) - -5.
1
Evaluate (-2 - -5 - 4) + (3 - 8).
-6
What is -4 - (-1 - 6) - 7?
-4
3 + (-1 + 2 - 0) + 1
5
What is the value of 0 + -5 + (-12 - -18)?
1
(143 - 144) + -3 + -2
-6
-7 + (-1 - -10) + -6
-4
What is the value of -7 - (4 + -11) - (-4 - 0)?
4
What is the value of 0 + -2 + (-1 + 2 - -4)?
3
Calculate 3 - (6 + 2) - -6.
1
Evaluate 0 + 5 + (8 - 21) + 3.
-5
Calculate -1 + 10 + -62 + 59.
6
Calculate (2 - (-3 - 2 - -9)) + -3.
-5
What is the value of 10 - (0 + 0 + 0 + 4)?
6
What is the value of -4 + 1 + -3 + 6 - -1?
1
What is (19 - 5) + -12 + -2?
0
-2 + (-13 - -7) + 6 + 6
4
(13 - 8) + -1 + -7
-3
What is the value of (12 - 7) + (2 + 0 - 3)?
4
2 + -6 + 4 + 2
2
Calculate 7 - 3 - -2 - (27 + -30).
9
0 - (5 - (-4 + -2) - 5)
-6
What is the value of 4 + -1 + 0 - (18 + -14)?
-1
What is (4 - (-7 + 6)) + 0?
5
(0 - 6) + -15 + 18 + 8
5
Evaluate -5 - -6 - (-8 - -5 - 1).
5
Evaluate -4 - -4 - -2 - (2 + 1).
-1
Calculate 73 + -67 + (-1 - -1).
6
-1 - (6 + -4 - 5)
2
Calculate (-1 - -3) + -2 - 3.
-3
Evaluate -3 + 0 - (9 + (-3 - 12)).
3
(-4 - -1) + (-8 - -3) - -1
-7
Calculate 0 + -3 + -1 - -2.
-2
Calculate -4 - (-3 + 2 + (-12 - 1)).
10
Calculate -14 + 25 + (-5 - 0).
6
Calculate 1 - -6 - -3 - 5.
5
What is the value of -1 - (11 - 9 - (0 + 0))?
-3
What is -6 - -11 - (3 - (4 - -2))?
8
What is 1 + (-6 - (12 - 26))?
9
What is the value of -5 - (-6 - 3) - (21 + -7)?
-10
What is -11 + 2 - (-4 + (-5 - -4))?
-4
Calculate -2 - (1 - (-2 + 4)).
-1
Calculate 2 + -4 + -4 - (-5 - 4).
3
Calculate 6 - -2 - 6 - 4.
-2
What is 6 + -13 + 5 + (-2 - 5)?
-9
-1 - (-2 + -1 + 1)
1
11 - (-4 + 5 + 5)
5
What is the value of (-6 - -7) + 1 - 1?
1
Calculate 1 + 3 + 2 + (3 - 5).
4
(-9 - -9 - 2) + -1 + 7
4
Calculate 2 + 6 + (-3 - (10 + -11)).
6
Calculate (5 - 11) + 4 + -2.
-4
Evaluate (-6 - (-13 - -2)) + -2.
3
What is the value of 5 - (1 + 2 - (0 - 1))?
1
6 + (2 - 5) + 1
4
Evaluate -1 - (1 - 5 - -2) - 2.
-1
What is -1 + (1 - (-2 + 2))?
0
What is the value of 19 + -27 + -1 + 7?
-2
What is (9 + -1 - 14) + 4?
-2
Evaluate -9 - (5 + -10) - -7.
3
What is the value of 4 + -3 + -4 + 0?
-3
Calculate (-14 - -12) + (-1 - -7).
4
Calculate 5 + (1 - 6 - -3) + -3.
0
Calculate -6 - (-1 - -6 - (-25 + 34)).
-2
Evaluate -2 + 2 + -5 + 3 + 4.
2
Calculate 1 + -1 + 2 + -5 - 5.
-8
What is -4 - (-9 - (-6 + 2))?
1
Evaluate -7 + 0 + 3 + 5.
1
What is the value of (9 - 7) + -4 + 3?
1
What is -2 + (-2 + -3 + 7 - 0)?
0
0 - (-6 + 15 + -10)
1
What is (-11 - 1 - -25) + -5?
8
(0 - (1 + -3 - -4)) + 3
1
What is -2 + 6 - (-1 - -8) - -11?
8
What is (2 - 2) + 8 + -4?
4
What is -2 - (3 + -1) - (0 + -2)?
-2
4 - -1 - (-6 - -7)
4
(3 - 0) + 2 - 8
-3
-3 - (3 + -3 + -10 + 5)
2
What is the value of (-3 - -4) + (-5 - -4)?
0
6 - 1 - (12 + -11)
4
Evaluate 3 - (1 + 9 - -1) - -4.
-4
What is 6 - -2 - (-4 + 12 + -6)?
6
0 + 1 - (-3 - -7) - -3
0
What is -5 + 10 - (15 + -4)?
-6
What is 4 - (5 + (-1 - -5))?
-5
Calculate -9 - -6 - (-10 - (-2 + 0)).
5
(-2 - -4) + 7 + -4
5
What is -14 + 10 + 7 + 0?
3
What is the value of 3 + -4 + (1 - (11 - 9))?
-2
Calculate 9 + -22 + 7 - (1 - 2).
-5
-4 - (1 - 1) - -2
-2
Calculate -5 + 0 + (34 - 23).
6
What is the value of -10 + (1 + -4 + -3 - -12)?
-4
Calculate 3 - 0 - (1 - -1).
1
Evaluate -6 + (0 + 4 - 2 - -2).
-2
-10 + 10 + 10 + -5
5
-19 - (-17 + 12) - -15
1
What is 173 + -185 + (11 - -1)?
0
What is 2 + -2 + -3 + 6?
3
Evalua